{"id":489,"date":"2018-01-07T17:42:29","date_gmt":"2018-01-07T17:42:29","guid":{"rendered":"http:\/\/santasmasas.codeteam.es\/?page_id=489"},"modified":"2023-03-09T18:11:24","modified_gmt":"2023-03-09T18:11:24","slug":"exportation","status":"publish","type":"page","link":"https:\/\/santasmasas.com\/?page_id=489","title":{"rendered":"EXPORTATION"},"content":{"rendered":"<p style=\"text-align: justify;\">Actuellement, l&#8217;un des points forts de cette soci\u00e9t\u00e9 est son potentiel d&#8217;exportation. Exporter un grand nombre annuel de veaux pour diff\u00e9rents pays. Surtout avec les entreprises arabes, fran\u00e7aises, turques, grecques ou italiennes, avec lesquelles nous avons une vaste exp\u00e9rience.<\/p>\n<p style=\"text-align: justify;\"><img decoding=\"async\" loading=\"lazy\" class=\"size-large wp-image-3209 aligncenter\" src=\"http:\/\/santasmasas.com\/wp-content\/uploads\/2018\/01\/db02e89b-3fed-4ea5-abb1-e3c5fc4c2435-1024x576-1024x576.jpg\" alt=\"db02e89b-3fed-4ea5-abb1-e3c5fc4c2435-1024x576\" width=\"600\" height=\"450\" \/><\/p>\n<p style=\"text-align: justify;\">Le <strong>caract\u00e8re exportateur de notre soci\u00e9t\u00e9<\/strong> a commenc\u00e9 par la cr\u00e9ation de l&#8217;entreprise, vendant directement sur le march\u00e9 italien. Pendant toutes ces ann\u00e9es, il s\u2019est adapt\u00e9 \u00e0 diff\u00e9rents march\u00e9s et secteurs d\u2019activit\u00e9, aux diff\u00e9rents pays dans lesquels nous avons travaill\u00e9.<\/p>\n<p style=\"text-align: justify;\"><img decoding=\"async\" loading=\"lazy\" class=\"size-large wp-image-3211 aligncenter\" src=\"http:\/\/santasmasas.com\/wp-content\/uploads\/2018\/01\/ELP8809-Copiar-1024x682-1024x682.jpg\" alt=\"ELP8809-Copiar-1024x682\" width=\"600\" height=\"450\" \/><br \/>\n<a href=\"http:\/\/santasmasas.com\/wp-content\/uploads\/2019\/08\/2017-04-04-PHOTO-000018102.jpg\"><img decoding=\"async\" loading=\"lazy\" class=\"aligncenter wp-image-785\" src=\"http:\/\/santasmasas.com\/wp-content\/uploads\/2019\/08\/2017-04-04-PHOTO-000018102-1024x768.jpg\" alt=\"2017-04-04-PHOTO-00001810\" width=\"600\" height=\"450\" \/><\/a><\/p>\n<p style=\"text-align: justify;\">Aujourd&#8217;hui, les march\u00e9s sur lesquels nous avons le plus de force sont les <strong>pays arabes<\/strong>. A ceux d&#8217;entre nous qui nous adaptons pour produire ce que leurs march\u00e9s nous demandent. Tout cela est r\u00e9alis\u00e9 gr\u00e2ce au grand nombre d&#8217;animaux produits par l&#8217;entreprise.<\/p>\n<p style=\"text-align: justify;\"><a href=\"http:\/\/santasmasas.com\/wp-content\/uploads\/2018\/01\/ELP1869-copia1-1024x681.jpg\"><img decoding=\"async\" loading=\"lazy\" class=\"size-large wp-image-3210 aligncenter\" src=\"http:\/\/santasmasas.com\/wp-content\/uploads\/2018\/01\/ELP1869-copia1-1024x681-1024x681.jpg\" alt=\"ELP1869-copia1-1024x681\" width=\"600\" height=\"450\" \/><\/a><\/p>\n<p><a href=\"http:\/\/santasmasas.com\/wp-content\/uploads\/2019\/08\/ELP4606-Copiar2.jpg\"><img decoding=\"async\" loading=\"lazy\" class=\"aligncenter wp-image-791 \" src=\"http:\/\/santasmasas.com\/wp-content\/uploads\/2019\/08\/ELP4606-Copiar2-1024x682.jpg\" alt=\"_ELP4606 (Copiar)\" width=\"600\" height=\"400\" \/><\/a><\/p>\n","protected":false},"excerpt":{"rendered":"<p>Actuellement, l&#8217;un des points forts de cette soci\u00e9t\u00e9 est son potentiel d&#8217;exportation. Exporter un grand nombre annuel de veaux pour diff\u00e9rents pays. Surtout avec les entreprises arabes, fran\u00e7aises, turques, grecques ou italiennes, avec lesquelles nous avons une vaste exp\u00e9rience. Le caract\u00e8re exportateur de notre soci\u00e9t\u00e9 a commenc\u00e9 par la cr\u00e9ation de l&#8217;entreprise, vendant directement sur [&hellip;]<\/p>\n","protected":false},"author":1,"featured_media":0,"parent":0,"menu_order":36,"comment_status":"closed","ping_status":"closed","template":"","meta":[],"_links":{"self":[{"href":"https:\/\/santasmasas.com\/index.php?rest_route=\/wp\/v2\/pages\/489"}],"collection":[{"href":"https:\/\/santasmasas.com\/index.php?rest_route=\/wp\/v2\/pages"}],"about":[{"href":"https:\/\/santasmasas.com\/index.php?rest_route=\/wp\/v2\/types\/page"}],"author":[{"embeddable":true,"href":"https:\/\/santasmasas.com\/index.php?rest_route=\/wp\/v2\/users\/1"}],"replies":[{"embeddable":true,"href":"https:\/\/santasmasas.com\/index.php?rest_route=%2Fwp%2Fv2%2Fcomments&post=489"}],"version-history":[{"count":6,"href":"https:\/\/santasmasas.com\/index.php?rest_route=\/wp\/v2\/pages\/489\/revisions"}],"predecessor-version":[{"id":3519,"href":"https:\/\/santasmasas.com\/index.php?rest_route=\/wp\/v2\/pages\/489\/revisions\/3519"}],"wp:attachment":[{"href":"https:\/\/santasmasas.com\/index.php?rest_route=%2Fwp%2Fv2%2Fmedia&parent=489"}],"curies":[{"name":"wp","href":"https:\/\/api.w.org\/{rel}","templated":true}]}}