{"id":3263,"date":"2023-03-03T16:05:56","date_gmt":"2023-03-03T16:05:56","guid":{"rendered":"https:\/\/santasmasas.com\/?page_id=3263"},"modified":"2023-03-09T18:06:41","modified_gmt":"2023-03-09T18:06:41","slug":"carne-halal-vacuno","status":"publish","type":"page","link":"https:\/\/santasmasas.com\/?page_id=3263","title":{"rendered":"CARNE HALAL DE VACUNO"},"content":{"rendered":"<p>En Agropecuaria Santas Masas, S.L., tenemos la capacidad de poder\u00a0ofrecer un gran surtido al por mayor de carne de vacuno, sacrificados mediante el rito Halal. Realizamos nuestro trabajo, mediante mataderos con Certificaci\u00f3n Halal, por ellos podemos ofrecer completas garant\u00edas que la carne se ha sacrificado 100% Halal.<\/p>\n<p>Comercializamos carne de ternera a mayoristas y minoristas de diferentes formas y tipos. Los animales que sacrificamos est\u00e1n criados en nuestras explotaciones, en las que tenemos gran capacidad de suministro.<\/p>\n<p>Tenemos cualquier tipo de Categor\u00eda de terneros dentro del sistema S-E-U-R-O-P (Cul\u00f3n Asturiano, Blonde, Limus\u00edn, Cruzados, Azul Belga, Montbeliard, Holstein&#8230;), en las cantidades que se requiera.<\/p>\n<p>Hacemos suministros de ternera en canal, media canal, cuartos, pistolas\u2026 Que luego son transportadas mediante camiones de frio por Espa\u00f1a y toda Europa.<\/p>\n<p><a href=\"https:\/\/santasmasas.com\/wp-content\/uploads\/2023\/03\/IMG_5447.jpg\"><img decoding=\"async\" loading=\"lazy\" class=\" wp-image-3310 aligncenter\" src=\"https:\/\/santasmasas.com\/wp-content\/uploads\/2023\/03\/IMG_5447-1024x768.jpg\" alt=\"IMG_5447\" width=\"911\" height=\"683\" srcset=\"https:\/\/santasmasas.com\/wp-content\/uploads\/2023\/03\/IMG_5447-1024x768.jpg 1024w, https:\/\/santasmasas.com\/wp-content\/uploads\/2023\/03\/IMG_5447-300x225.jpg 300w\" sizes=\"(max-width: 911px) 100vw, 911px\" \/><\/a><\/p>\n<p><a href=\"https:\/\/santasmasas.com\/wp-content\/uploads\/2023\/03\/IMG_6466-e1677867340521.jpg\"><img decoding=\"async\" loading=\"lazy\" class=\"wp-image-3320 aligncenter\" src=\"https:\/\/santasmasas.com\/wp-content\/uploads\/2023\/03\/IMG_6466-e1677867340521-768x1024.jpg\" alt=\"IMG_6466\" width=\"461\" height=\"614\" srcset=\"https:\/\/santasmasas.com\/wp-content\/uploads\/2023\/03\/IMG_6466-e1677867340521-768x1024.jpg 768w, https:\/\/santasmasas.com\/wp-content\/uploads\/2023\/03\/IMG_6466-e1677867340521-225x300.jpg 225w\" sizes=\"(max-width: 461px) 100vw, 461px\" \/><\/a><\/p>\n<p><a href=\"https:\/\/santasmasas.com\/wp-content\/uploads\/2023\/03\/IMG_9608.jpg\"><img decoding=\"async\" loading=\"lazy\" class=\" wp-image-3343 aligncenter\" src=\"https:\/\/santasmasas.com\/wp-content\/uploads\/2023\/03\/IMG_9608-1024x768.jpg\" alt=\"IMG_9608\" width=\"696\" height=\"522\" srcset=\"https:\/\/santasmasas.com\/wp-content\/uploads\/2023\/03\/IMG_9608-1024x768.jpg 1024w, https:\/\/santasmasas.com\/wp-content\/uploads\/2023\/03\/IMG_9608-300x225.jpg 300w\" sizes=\"(max-width: 696px) 100vw, 696px\" \/><\/a><\/p>\n<p><a href=\"https:\/\/santasmasas.com\/wp-content\/uploads\/2023\/03\/PHOTO-2023-03-07-19-29-39-4.jpg\"><img decoding=\"async\" loading=\"lazy\" class=\" wp-image-3347 aligncenter\" src=\"https:\/\/santasmasas.com\/wp-content\/uploads\/2023\/03\/PHOTO-2023-03-07-19-29-39-4-1024x768.jpg\" alt=\"PHOTO-2023-03-07-19-29-39 (4)\" width=\"806\" height=\"605\" srcset=\"https:\/\/santasmasas.com\/wp-content\/uploads\/2023\/03\/PHOTO-2023-03-07-19-29-39-4.jpg 1024w, https:\/\/santasmasas.com\/wp-content\/uploads\/2023\/03\/PHOTO-2023-03-07-19-29-39-4-300x225.jpg 300w\" sizes=\"(max-width: 806px) 100vw, 806px\" \/><\/a><\/p>\n<p><a href=\"https:\/\/santasmasas.com\/wp-content\/uploads\/2023\/03\/IMG_9606.jpg\"><img decoding=\"async\" loading=\"lazy\" class=\" wp-image-3341 aligncenter\" src=\"https:\/\/santasmasas.com\/wp-content\/uploads\/2023\/03\/IMG_9606-1024x768.jpg\" alt=\"IMG_9606\" width=\"808\" height=\"606\" srcset=\"https:\/\/santasmasas.com\/wp-content\/uploads\/2023\/03\/IMG_9606-1024x768.jpg 1024w, https:\/\/santasmasas.com\/wp-content\/uploads\/2023\/03\/IMG_9606-300x225.jpg 300w\" sizes=\"(max-width: 808px) 100vw, 808px\" \/><\/a><\/p>\n<p><a href=\"https:\/\/santasmasas.com\/wp-content\/uploads\/2023\/03\/IMG_0132-e1677867740308.jpg\"><img decoding=\"async\" loading=\"lazy\" class=\" wp-image-3305 aligncenter\" src=\"https:\/\/santasmasas.com\/wp-content\/uploads\/2023\/03\/IMG_0132-e1677867740308-768x1024.jpg\" alt=\"IMG_0132\" width=\"668\" height=\"891\" srcset=\"https:\/\/santasmasas.com\/wp-content\/uploads\/2023\/03\/IMG_0132-e1677867740308-768x1024.jpg 768w, https:\/\/santasmasas.com\/wp-content\/uploads\/2023\/03\/IMG_0132-e1677867740308-225x300.jpg 225w\" sizes=\"(max-width: 668px) 100vw, 668px\" \/><\/a><\/p>\n","protected":false},"excerpt":{"rendered":"<p>En Agropecuaria Santas Masas, S.L., tenemos la capacidad de poder\u00a0ofrecer un gran surtido al por mayor de carne de vacuno, sacrificados mediante el rito Halal. Realizamos nuestro trabajo, mediante mataderos con Certificaci\u00f3n Halal, por ellos podemos ofrecer completas garant\u00edas que la carne se ha sacrificado 100% Halal. Comercializamos carne de ternera a mayoristas y minoristas [&hellip;]<\/p>\n","protected":false},"author":1,"featured_media":0,"parent":0,"menu_order":17,"comment_status":"closed","ping_status":"closed","template":"","meta":[],"_links":{"self":[{"href":"https:\/\/santasmasas.com\/index.php?rest_route=\/wp\/v2\/pages\/3263"}],"collection":[{"href":"https:\/\/santasmasas.com\/index.php?rest_route=\/wp\/v2\/pages"}],"about":[{"href":"https:\/\/santasmasas.com\/index.php?rest_route=\/wp\/v2\/types\/page"}],"author":[{"embeddable":true,"href":"https:\/\/santasmasas.com\/index.php?rest_route=\/wp\/v2\/users\/1"}],"replies":[{"embeddable":true,"href":"https:\/\/santasmasas.com\/index.php?rest_route=%2Fwp%2Fv2%2Fcomments&post=3263"}],"version-history":[{"count":9,"href":"https:\/\/santasmasas.com\/index.php?rest_route=\/wp\/v2\/pages\/3263\/revisions"}],"predecessor-version":[{"id":3499,"href":"https:\/\/santasmasas.com\/index.php?rest_route=\/wp\/v2\/pages\/3263\/revisions\/3499"}],"wp:attachment":[{"href":"https:\/\/santasmasas.com\/index.php?rest_route=%2Fwp%2Fv2%2Fmedia&parent=3263"}],"curies":[{"name":"wp","href":"https:\/\/api.w.org\/{rel}","templated":true}]}}