{"id":103,"date":"2014-08-25T07:59:06","date_gmt":"2014-08-25T07:59:06","guid":{"rendered":"http:\/\/santasmasas.codeteam.es\/?page_id=103"},"modified":"2023-03-09T18:05:31","modified_gmt":"2023-03-09T18:05:31","slug":"integraciones-ganaderas","status":"publish","type":"page","link":"https:\/\/santasmasas.com\/?page_id=103","title":{"rendered":"INTEGRACIONES GANADERAS"},"content":{"rendered":"<p style=\"text-align: justify;\">En la actualidad contamos con gran cantidad de granjas con la modalidad de \u201cintegraci\u00f3n ganadera\u201d, se trata b\u00e1sicamente de una modalidad de contrataci\u00f3n en la cual el propietario de las instalaciones participa poniendo sus instalaciones y labores de cuidado de los terneros, a cambio de una contraprestaci\u00f3n por parte del integrador, en funci\u00f3n de la cantidad y d\u00edas de estancia de los animales. Es ventajoso para el ganadero, porque se evita los problemas de compra de animales, de financiaci\u00f3n para pagos de animales, pienso y medicamentos, de servicios veterinarios y de comercializaci\u00f3n entre otros.<\/p>\n<blockquote><p><i>Mediante esta modalidad\u00a0conseguimos un crecimiento constante,\u00a0aumentando cada d\u00eda el n\u00famero de cabezas en el negocio<\/i><\/p><\/blockquote>\n<p style=\"text-align: justify;\"><a href=\"http:\/\/santasmasas.com\/wp-content\/uploads\/2019\/08\/ELP8821-Copiar.jpg\"><img decoding=\"async\" loading=\"lazy\" class=\"aligncenter wp-image-817\" src=\"http:\/\/santasmasas.com\/wp-content\/uploads\/2019\/08\/ELP8821-Copiar.jpg\" alt=\"_ELP8821 (Copiar)\" width=\"600\" height=\"399\" \/><\/a><\/p>\n<p style=\"text-align: justify;\">Todas las granjas e instalaciones que integramos\u00a0para albergar a nuestros animales, deben de estar debidamente calificadas, y ser\u00e1n certificadas por Santas Masas Quality, para asegurarnos de que\u00a0se cumplen los est\u00e1ndares de calidad que requerimos y que apuestan por la maximizaci\u00f3n del bienestar animal.<\/p>\n<p style=\"text-align: justify;\"><a href=\"http:\/\/santasmasas.com\/wp-content\/uploads\/2019\/08\/ELP9071-Copiar1.jpg\"><img decoding=\"async\" loading=\"lazy\" class=\"aligncenter wp-image-818\" src=\"http:\/\/santasmasas.com\/wp-content\/uploads\/2019\/08\/ELP9071-Copiar1.jpg\" alt=\"_ELP9071 (Copiar)\" width=\"600\" height=\"399\" \/><\/a><\/p>\n<p style=\"text-align: justify;\">Ofrecemos as\u00ed pues la posibilidad a nuevas integraciones y a trabajar con nosotros en las diferentes modalidades, para seguir creciendo y ayudar al ganadero a mayor estabilidad en el negocio.<\/p>\n<p style=\"text-align: justify;\">\n","protected":false},"excerpt":{"rendered":"<p>En la actualidad contamos con gran cantidad de granjas con la modalidad de \u201cintegraci\u00f3n ganadera\u201d, se trata b\u00e1sicamente de una modalidad de contrataci\u00f3n en la cual el propietario de las instalaciones participa poniendo sus instalaciones y labores de cuidado de los terneros, a cambio de una contraprestaci\u00f3n por parte del integrador, en funci\u00f3n de la [&hellip;]<\/p>\n","protected":false},"author":1,"featured_media":0,"parent":0,"menu_order":54,"comment_status":"closed","ping_status":"closed","template":"","meta":[],"_links":{"self":[{"href":"https:\/\/santasmasas.com\/index.php?rest_route=\/wp\/v2\/pages\/103"}],"collection":[{"href":"https:\/\/santasmasas.com\/index.php?rest_route=\/wp\/v2\/pages"}],"about":[{"href":"https:\/\/santasmasas.com\/index.php?rest_route=\/wp\/v2\/types\/page"}],"author":[{"embeddable":true,"href":"https:\/\/santasmasas.com\/index.php?rest_route=\/wp\/v2\/users\/1"}],"replies":[{"embeddable":true,"href":"https:\/\/santasmasas.com\/index.php?rest_route=%2Fwp%2Fv2%2Fcomments&post=103"}],"version-history":[{"count":5,"href":"https:\/\/santasmasas.com\/index.php?rest_route=\/wp\/v2\/pages\/103\/revisions"}],"predecessor-version":[{"id":3483,"href":"https:\/\/santasmasas.com\/index.php?rest_route=\/wp\/v2\/pages\/103\/revisions\/3483"}],"wp:attachment":[{"href":"https:\/\/santasmasas.com\/index.php?rest_route=%2Fwp%2Fv2%2Fmedia&parent=103"}],"curies":[{"name":"wp","href":"https:\/\/api.w.org\/{rel}","templated":true}]}}